et z be (-26)/(-117) + 3686/18. Suppose -424*a = -407*a - 697. Calculate the highest common factor of a and z.
41
Suppose -80 = p - 264. Let r = -166 + p. What is the highest common divisor of r and 774?
18
Let a = -27518 + 47978. What is the greatest common divisor of 15 and a?
15
Suppose 2*k - 5*z = 9, 4*z = 5*k + 2*z - 12. Suppose k*s + 43 = -21. Let y be (s/20)/((-6)/165). What is the greatest common factor of y and 132?
44
Let c be (5 + 0)/(16/432). What is the greatest common divisor of c and 3165?
15
Suppose 176 = 5*z - 94. Let g(f) = 2*f**2 + 32*f - 133. Let s be g(7). Calculate the greatest common divisor of s and z.
27
Let i = 4040 - 98. Suppose -42*u - 288 + i = 0. Calculate the highest common factor of u and 58.
29
Suppose -23 + 39 = x + k, 0 = -x + k + 22. Let i(v) = 3*v**2 + 15*v + 1. Let c be i(-6). Calculate the highest common factor of c and x.
19
Suppose 265 = 2*u + q, 0 = -11*u + 10*u - q + 130. Calculate the highest common factor of u and 1080.
135
Let d = 14251 + -14236. What is the greatest common divisor of d and 140?
5
Let m = -289 - -509. Suppose -105 = 5*j - 0*t + 3*t, j = -t - 19. Let v = j + 46. What is the greatest common factor of m and v?
22
Suppose 2*h + 918*i - 1891 = 917*i, 4*h - 5*i = 3817. Calculate the highest common factor of h and 66.
6
Suppose 3*i = 3*o + 13 + 23, 4*o = -2*i + 12. Suppose 3*b + 287 = 4*u - 0, -150 = -3*u - 5*b. What is the greatest common factor of u and i?
5
Let z(k) = -2*k**2 + 44*k + 732. Let f be z(-11). What is the highest common divisor of 6774 and f?
6
Let h(q) = -q**3 - 5*q**2 - 16*q - 22. Let k be h(-4). Suppose -4*t + k = -i, 4*t + 3*i = 7 + 11. What is the highest common factor of 402 and t?
6
Let j(g) = 8*g**2 + 11*g - 16. Let i be j(4). What is the greatest common divisor of i and 17?
1
Let z(j) = j + 14. Let w be z(-8). Let i(c) = -2*c + 15. Let h be i(w). Let a be -2 + 24/9 + 10/h. Calculate the highest common factor of 4 and a.
4
Let b(v) be the second derivative of v**4/4 + 5*v**3/2 - 24*v**2 - 59*v. Let a be b(-16). What is the greatest common divisor of a and 15?
15
Let y = 234 + -159. Suppose 49*c - 11*m = 45*c + 598, 5*m = -4*c + 310. What is the greatest common factor of y and c?
25
Suppose 0 = 46*r - 76*r + 98820. What is the greatest common factor of r and 6?
6
Let s(z) = -z**2 + 33*z - 68. Let i be s(21). What is the greatest common factor of 46 and i?
46
Let a(k) = 7*k**3 - 38*k**2 + 12*k + 33. Let t be a(10). Calculate the greatest common divisor of 7 and t.
7
Let p be ((-2)/(-2))/(3/(346 + 5)). Suppose -12724*t + 195 = -12723*t. Calculate the highest common factor of t and p.
39
Suppose 3*u + 4*a - 506 = -210, u - 98 = -2*a. Suppose 7*m = 2*m - u. Let x = -3 - m. Calculate the highest common divisor of x and 136.
17
Let f(q) be the first derivative of 220*q**3/3 + 43*q**2/2 - 42*q + 61. Let m be f(1). What is the greatest common divisor of m and 13?
13
Let o(h) = 16*h**2 - 36*h + 24. Let w be (-10)/(-1) - 10/5. Let p be o(w). Calculate the highest common divisor of p and 76.
76
Suppose -3*k + k = -4. Let v(x) = x**3 + x**2 - 3*x + 2. Let q be v(k). Let m = -182025 + 182049. Calculate the greatest common factor of m and q.
8
Suppose -5*v + 618 + 1822 = 0. Let t = v + 41. What is the highest common factor of t and 23?
23
Let o = 69 + -85. Let u = 49 + o. What is the greatest common factor of 44 and u?
11
Suppose 0 = -5*n - 5, n + 42 = 4*u - n. Suppose u*o = 5*o + 55. Suppose 0 = -8*t + 3*t + 55. Calculate the highest common factor of t and o.
11
Let d = 46 + -7. Let j be ((-6)/(-5))/(581/4095 - (-8)/(-72)). What is the highest common factor of d and j?
39
Let l = 11 + -7. Let w be (33/l)/(2/88). Suppose -4*s + 90 = -5*n + 12*n, 0 = -3*s - 2*n + 87. What is the highest common factor of s and w?
33
Suppose 6*n + 72 = 2*n. Suppose -58 = 32*a - 34*a + 4*t, -4*a - t + 125 = 0. Let d = a + n. What is the highest common factor of 156 and d?
13
Let i = 0 - -22. Suppose 6 = -i*r + 16*r. Let q be 0/((-4)/(r + 5)) + 9. Calculate the greatest common factor of 9 and q.
9
Let j = -119 + 121. Suppose u = -2*t + 55, -j*t = -6*t + 2*u + 106. Calculate the greatest common divisor of t and 54.
27
Let f = -12238 - -12245. What is the highest common factor of f and 7168?
7
Let w = 4839 + 6105. Calculate the greatest common factor of w and 171.
171
Let x = -130 + 134. Suppose 2*y + y = 2*r, -4*y - 7 = -5*r. Suppose y*v + 4*d = -v + 22, 3*v - 5*d + 14 = 0. What is the highest common factor of v and x?
2
Suppose 1679 = 4*c - 3*t, 18*c - 13*c - 2095 = 5*t. What is the highest common divisor of 7807 and c?
211
Suppose -25*g = -1343 - 1607. Let n be 11/(-1 - (-60)/59). Calculate the greatest common factor of n and g.
59
Suppose 0 = -3*t - 206 + 209, t = -z + 229. Calculate the greatest common factor of z and 399.
57
Let t be (4/1 - 10) + 12. Let z be (-4)/(-104)*16922 + t/39. What is the greatest common divisor of z and 21?
21
Suppose -17*z + 21*z = 3*r + 5, -2*z = 3*r + 29. Let k be -6 - r - (-6 + 2 + 1). Calculate the greatest common divisor of k and 15.
1
Suppose -27*v = -21*v - 2916. Suppose -2*m = 16*m - v. Let g(k) = -k**3 - 3*k**2. Let d be g(-6). Calculate the greatest common factor of m and d.
27
Let l(a) = -a**3 + 9*a**2 - 3*a - 11. Let f be l(7). Let h = -26 + f. Calculate the highest common divisor of 56 and h.
8
Let a be (-10 - 32*5/(-10)) + 10. What is the greatest common factor of a and 2066?
2
Let o(a) = 149*a + 502. Let j be o(-3). What is the highest common factor of 1837 and j?
11
Suppose 2*x + 852 = 2*m, -5*x - 1280 = -3*m - 0*m. Let c be (-10)/15 + 116/232*514/3. Calculate the greatest common factor of c and m.
85
Suppose -18*g = -182*d + 177*d - 4895, g = 2*d + 284. What is the highest common factor of g and 783?
27
Suppose -t = 3*f - 126, -4*f - 1053 = -5*t - 6*t. Let d = 32 + -23. What is the greatest common factor of d and t?
9
Let z(r) = 286*r - 48. Let g be z(14). What is the greatest common factor of g and 92?
92
Suppose 8141 = 89*d - 165*d + 187121. Calculate the greatest common factor of 15 and d.
15
Let o(h) = 454*h + 1262. Let b be o(58). What is the greatest common factor of 146 and b?
146
Suppose 14*o - 32 = 6*o. Let p be -3 - (30/(-3)*1 + o). Suppose 0 = h + 5*i - 3, 0 = -5*h - i + 4*i + 15. What is the greatest common divisor of p and h?
3
Let x(k) = 13*k + 2. Let d be x(-1). Let z(m) = -m**3 - 10*m**2 + 3*m - 13. Let a be z(d). Calculate the highest common divisor of a and 175.
25
Suppose -48 = -4*l - 2*a, -8 = -3*l + 3*a + 1. What is the highest common divisor of 2493 and l?
9
Let v = -713 - -838. What is the highest common divisor of v and 1300?
25
Let d be 21/(-6)*(-1 - -3). Let g = d + 17. Let o = 62 + -57. What is the highest common divisor of g and o?
5
Let b = -2 + 12. Let z = -111 - -111. Suppose -7*d = -4*d + 2*t - 390, 3*d - 5*t - 390 = z. What is the highest common divisor of d and b?
10
Let n = -75 - -64. Let b(g) = g**2 - 19*g - 10. Let v be b(n). What is the highest common divisor of 40 and v?
40
Suppose -2*s = 4*h - 5510, -8112 + 1225 = -5*h - 2*s. Calculate the highest common divisor of h and 6579.
153
Suppose -54*q + 142 = -50*q - 2*p, 387 = 11*q - 5*p. Calculate the greatest common factor of 6736 and q.
16
Let i = -372 + 615. What is the greatest common factor of i and 1053?
81
Suppose 2*o + q + 2 = 357, 2*o = 3*q + 335. Calculate the greatest common divisor of 2905 and o.
35
Let p = 111 + -144. Let a = p - -101. What is the greatest common factor of a and 34?
34
Suppose 182*k = 177*k - 290. Let r = 73 + k. Suppose -2*t - 45 = -5*t. What is the highest common factor of r and t?
15
Let k(t) = 2*t**3 + 107*t**2 + 44*t - 437. Let l be k(-53). Let v be (-15)/(-5) + 22/1. Calculate the greatest common divisor of l and v.
5
Let i be (-2)/7 + 186/14. Let v be ((-2)/(-6))/((-1)/(-3)). Let h be (i + -11)/(v/63). Calculate the greatest common factor of h and 18.
18
Let k = 88 + -89. Let g be (3 + (k - 3))*-5. Suppose r - h + 3*h = 57, 0 = -g*r + 5*h + 345. What is the greatest common divisor of 26 and r?
13
Suppose 3042 = 5*s + 3*k, -23 = -2*k - 25. Calculate the highest common divisor of s and 903.
21
Let m(b) = b**3 + 7*b**2 - 5*b - 23. Let a be m(-7). Let q = 2 - -34. Let j = q - -60. Calculate the highest common factor of a and j.
12
S